*2 - 8*l + 3. Let h(a) = 3*a**2 - 4*a + 1. Let u(k) = -2*c(k) + 5*h(k). Give u(4).
-1
Let d(p) = -p**2 - 9*p + 1. Let t be d(-9). Let n(b) = t + 6*b**2 + 0 - 2 + 2*b. Calculate n(1).
7
Let b(y) = y**2 + 7*y + 3. Suppose p = 6*p + 35. Give b(p).
3
Let s(q) = 3*q**3 - 2*q**2 - 2. Let u(h) = 4*h**3 - 3*h**2 - 2. Let v(a) = 3*s(a) - 2*u(a). Let w(f) = -f**2 + 5*f - 4. Let n be w(3). What is v(n)?
6
Let x(n) = n + 2. Let f = 0 - 5. Let k be x(f). Let d(t) be the first derivative of 3*t**2/2 + 3*t - 5. Determine d(k).
-6
Let w = 4 + 0. Let z(n) = w + 0*n - n + 0 + 2*n. Calculate z(-3).
1
Let i(y) = y**3 - 6*y**2 + y - 7. Let r(l) = l**3 + 9*l**2 + 8*l + 6. Let d be r(-8). Give i(d).
-1
Let d = -5 + 5. Let r be 3 - (-7)/(7/(-2)). Let y(n) = d + r + 2*n - n. Determine y(0).
1
Suppose 7 = -s - 0*s. Let d(h) = h**2 + 7*h - 3. Give d(s).
-3
Let m(z) = -z**2 + 4. Let q(h) = -h - 2. Let v(u) = u**2 - 7*u + 6. Let l be v(4). Let k be q(l). Let j be k + 1 + 10/(-5). Calculate m(j).
-5
Let m(j) = j**3 - 2*j**2 + 1. Let f(n) = 4*n + 43. Let i be f(-11). Calculate m(i).
-2
Let v(q) = q**2 - q + 3. Let u be (-9)/(-15) + 15/(-25). Determine v(u).
3
Let b(u) = u - 4. Let j(v) = 3*v - 13. Let c(a) = -7*b(a) + 2*j(a). Let z = -28 + 34. Give c(z).
-4
Let z = 19 + -16. Let w(b) = -3 - 4*b - 2*b**2 + 4*b**2 + b + 5*b**z - 4*b**3. Determine w(-2).
3
Let a be -4 + (-4 + -1)/(-5). Let h(t) = -t**2 - t + 2. Determine h(a).
-4
Suppose -4*h = 2*z - 2, -3*z = z + 12. Let u(r) = r**h + 3*r + 3 + r + 2*r. What is u(-4)?
-5
Let s(d) = 3*d + 47. Let t be s(-15). Let o(y) be the first derivative of -t + 1/2*y**2 + 0*y. Determine o(-1).
-1
Let k(c) = -c**3 - 5*c**2 - 3*c. Let o be k(-5). Let h be o/4 - (-6)/24. Let n(u) = u + 7*u**2 + 7 + 1 + u**3 + 3*u + h*u. Determine n(-6).
-4
Let q(k) = -k + 1. Let f(o) = o - 10. Let h be f(7). Let t(l) = -l - 6. Let j be t(h). Let n be j/(2 - 3 - 0). Determine q(n).
-2
Let o = 59 - 62. Let r(q) = -6*q - 4. Give r(o).
14
Let k(s) = -s**3 - 2*s**2 + s + 2. Let y = -6 - -6. Suppose 9*c - 4*c + 10 = y. Calculate k(c).
0
Let i(j) = j**2 + 7*j + 2. Suppose -52 = 5*o + 48. Let z be -5 + (-5)/(o/(-8)). Calculate i(z).
2
Let h = 63 + -65. Let y(p) = -3*p**2 - 1. Give y(h).
-13
Let p(i) be the first derivative of i**4/3 + 5*i**2/2 + 3. Let a(u) be the second derivative of p(u). Determine a(-1).
-8
Let a(r) = 2*r**2 + 3*r - 12. Let n(p) = 5*p**2 + 11*p - 35. Let u(f) = 8*a(f) - 3*n(f). Give u(9).
9
Let y(t) = -t**3 - 5*t**2 - 3*t. Let a = -12 + 17. Suppose 14 = 3*u - 3*v - 2*v, u - a = 2*v. Suppose 6 = -u*j - 6. Calculate y(j).
-4
Let k(o) = o**2 + 7*o + 6. Suppose -4 = -l - l. Let b be 2 - 3 - (1 - l). Let s = -4 + b. Give k(s).
-6
Let a = -15 + 18. Let i(c) = 0 + 5 + 2*c - a - 6. Give i(-3).
-10
Let p(t) be the second derivative of -t**3/6 - 9*t**2/2 - 10*t. Give p(-7).
-2
Let u(k) = -k**3 - k - 1. Let n(z) be the first derivative of -7*z**4/4 - 4*z**3/3 + z**2/2 - z + 1. Let t(x) = -n(x) + 6*u(x). What is t(-5)?
5
Let t(x) = x - 1 + 0 + x. Let q(b) = b**3 + 3*b**2 + 3. Let k be q(-3). Suppose 15 = -5*r + 2*w, w = k*r - r + 7. Calculate t(r).
-3
Suppose 2 = -r - 1. Let o be r + 1 + 6/(-2). Let i(p) = -p + 2. Determine i(o).
7
Let y(j) = j**2 - 9*j + 6. Let t be y(8). Let f(r) = -4*r - 1. Give f(t).
7
Let d(j) = 7*j**3 + 8*j**2 - 9*j + 9. Let q(g) = -3*g**3 - 4*g**2 + 4*g - 4. Let h(c) = 2*d(c) + 5*q(c). Determine h(-4).
-10
Let n be 6*2/20*5. Let u(l) = -6*l + n*l + 0*l + 3 + 2. Determine u(6).
-13
Let o(b) = -b**2 + 2*b - 1. Let h be o(3). Let g(c) = c - 1. Calculate g(h).
-5
Let j(s) be the third derivative of -1/8*s**4 + 0 - 1/120*s**6 - 2/3*s**3 + 0*s - 1/20*s**5 - 3*s**2. Give j(-3).
5
Let a(y) = -y**2 + 5*y. Suppose -5*z + 13 - 3 = 0. Suppose -3*k + 10 = z*m, -4*k - 20 = -4*m + k. Calculate a(m).
0
Let q(y) = 5*y + 4 - 2 + 2 - 1. Determine q(3).
18
Let c(j) = -5*j**3 + 3*j + 3. Let x(h) = 11*h**3 - 6*h - 6. Let m(r) = -9*c(r) - 4*x(r). Determine m(-2).
-5
Let b(l) = 1. Let j(z) = z - 8. Let f(g) = 3*b(g) - j(g). Give f(6).
5
Let c(g) = 2*g**2 + 3*g - 3. Let t(z) be the second derivative of 0 + 4*z + 2/3*z**3 - 3/2*z**2 + 1/12*z**4. Let b be t(-4). What is c(b)?
6
Let u(q) = q - 6. Let m(a) = a - 1. Let f(b) = 2*m(b) - u(b). What is f(0)?
4
Let g = 2 + -7. Let t(c) be the first derivative of c**2 + 6*c - 5. What is t(g)?
-4
Let n(f) = f**3 + f**2 + 2. Let c be 4/8*2*3. Let o be 11/c + 2/6. Suppose -s = o*s. Give n(s).
2
Suppose -v + 1 = 5. Let j(d) = -3*d + 1. Give j(v).
13
Let n(r) = 6*r**3 - r**2 - 2*r - 1. Let f = -7 - -6. Determine n(f).
-6
Let c(k) be the first derivative of -7*k**2/2 + k - 1. Let v = -12 + 12. Let b be 1/(-1 + 2 - v). Calculate c(b).
-6
Let j(l) be the third derivative of -l**4/12 + l**3/6 + 31*l**2. Give j(8).
-15
Suppose 0 = -4*k + 4 + 4, -b + 2*k = -18. Let j = -5 + 9. Let c be 3/6 - b/j. Let r(a) = a**3 + 4*a**2 - 5*a - 3. What is r(c)?
-3
Let k be (-9)/(-4 - 33/(-6)). Let z(h) = -h**2 + h + 1. Let g(t) = t**3 + 9*t**2 - 11*t - 9. Let r(v) = -g(v) - 4*z(v). Calculate r(k).
-1
Let h(p) = p**3 - 9*p**2 + 8*p + 7. Let j be h(8). Let m(v) = -3*v - 2. Let x(g) = -3*g - 2. Let q(t) = j*m(t) - 6*x(t). Determine q(-4).
10
Let u(p) = -8*p**3 - p**2 - 2. Let r(y) = -y**3 + 4*y + 5. Let j(t) = -t**3 + 5*t + 6. Let k(q) = -4*j(q) + 5*r(q). Let f(z) = 2*k(z) + u(z). Give f(-1).
9
Let m(z) = 5*z**3 + 9*z**2 + z + 1. Let h = -8 - -17. Let c(g) = -11*g**3 - 19*g**2 - 2*g - 2. Let d(u) = h*m(u) + 4*c(u). Determine d(-5).
-4
Let z(q) = -3*q**2 + 11*q - 8. Let l(d) = -13*d**2 + 45*d - 34. Let f(o) = -2*l(o) + 9*z(o). Give f(4).
16
Let d(s) = -s**2 - s + 5. Let q = 17 - 9. Let r = 5 - 1. Suppose q = -r*f - 8. Determine d(f).
-7
Suppose 4*c - 2 = -0*j - 2*j, -10 = 2*j. Let b(q) = -6 - 2*q + q**2 - 2*q**3 + 3 + q**c + 4. Calculate b(1).
-1
Let q(x) = x**2 - 5*x + 4. Suppose 3*r + 7 = -2*s, 2*s - r - 6 = -s. Suppose -i + 2 = s, -3*l - 4*i + 13 = 0. What is q(l)?
-2
Let j(f) = f**3 + 4*f**2 + f. Suppose -6*k + 7 + 53 = 0. Suppose -6*t + t - k = 0. Give j(t).
6
Let z(q) = q**2 + 2*q + 3. Suppose -16 - 16 = -4*k. Suppose k*i = 3*i - 15. What is z(i)?
6
Suppose -2*i - 5*m = -8, 3*m + m = 3*i + 11. Let k(d) = -1. Let w(u) = 3*u - 1. Let r(g) = i*w(g) + 2*k(g). Determine r(-1).
2
Let o(y) = -y - y + y + 1. Let p(u) = -4*u - 2. Let l(v) = -2*o(v) - p(v). Determine l(1).
6
Suppose 30 = c - 6*c. Let k(p) = -p**3 - 7*p**2 - 5*p + 8. Determine k(c).
2
Let b(u) = 8*u**3 - 6*u**2 - 7*u + 4. Let g = 4 + -11. Let c(n) = 7*n**3 - 5*n**2 - 6*n + 4. Let a(y) = g*c(y) + 6*b(y). Determine a(0).
-4
Let i be 8/6*(-3)/(-2). Let f(z) = -4 - 3 + z + 1 + i. What is f(-6)?
-10
Suppose 4*l + 6 - 2 = 0. Let i be (-1 - 0)*5 - l. Let u(a) = 3*a**2 - 8*a + 8. Let r(o) = -4*o**2 + 9*o - 9. Let q(k) = 4*r(k) + 5*u(k). Give q(i).
4
Suppose 2*g - g = -d + 12, -d = -4. Let l(t) = t**2 - 8*t - 6. Determine l(g).
-6
Let v(o) = -o + 6. Suppose -3*q + 15 = -0*q. Let u be v(q). Let m(p) = 6 + 5*p - 4 - 3. Give m(u).
4
Suppose 4*i = -26 - 18. Let q(h) = -3*h + 14. Let n(b) = b - 5. Let t(g) = i*n(g) - 4*q(g). Suppose -w + 32 = 2*w + 5*u, -u = -4. Determine t(w).
3
Let n(x) be the third derivative of -x**5/60 - x**4/12 - 5*x**3/6 + 3*x**2. Calculate n(-4).
-13
Let c(s) = s - 14. Let i be c(15). Let t(d) = 0 - 1 - 1 - i - d. Determine t(5).
-8
Let t(w) be the third derivative of w**6/60 - w**5/20 + w**4/12 + w**3/3 - 13*w**2. Suppose -4*g = 3*i - 26, -3*i - 5 = 2*i - 3*g. Determine t(i).
10
Let u(g) = -g**3 + 9*g**2 - 7*g - 7. Let r be u(8). Let p(t) = -t + 3 + 0*t + r. Determine p(4).
0
Let x(q) = -q**2 + q + 1. Let p be x(1). Suppose -2*i - p + 3 = 0, 19 = -5*b - i. Let n(r) = -10*r + 40 - 42 + 12*r. Calculate n(b).
-10
Let d(j) = -4 + 3 + j + 3*j**3 - j**2 - j**3. Let h be d(1). Let t(r) = -2*r + 6*r - 1 + 1 - h. Determine t(2).
7
Let h(q) = q**3 - 9*q**2 - 4*q + 5. Let c(u) = -u**2. Let n(y) = 5*c(y) - h(y). Give n(4).
11
Suppose -4 = -2*x + 2*t, -x - 4*x - 2*t = 18. Let s(d) = -3*d. Give s(x).
6
Let r(f) = 8*f + 12. Let m(i) = -40*i - 61. Let v(b) = -2*m(b) - 11*r(b). Let z(l) = -9*l - 11. Let o(t) = 6*v(t) - 5*z(t). Give o(-4).
7
Suppose -3*p + 27 = 4*z, 0 = -4*p + 6*z - z + 5. Let g(l) = l**3 - 4*l**2 - 3*l + 5. Give g(p).
15
Let t(n) = n**3 - 4*n + n + 4*n + 0*n**2 - 4*n**2.